7144 and 273409.
373
Calculate the greatest common factor of 29001936 and 1887408.
12336
Calculate the highest common factor of 4023 and 7443.
9
What is the highest common divisor of 8555 and 987365?
295
What is the greatest common divisor of 35717 and 52921?
187
Calculate the highest common factor of 1930905 and 1080.
135
Calculate the greatest common divisor of 339064368 and 19182.
834
Calculate the greatest common divisor of 106547 and 1309497.
3437
Calculate the highest common divisor of 3560 and 14495720.
40
What is the highest common factor of 910 and 6614426?
182
Calculate the greatest common divisor of 531 and 5947155.
9
What is the highest common divisor of 15087501 and 55575?
2223
Calculate the greatest common divisor of 2097 and 3277378.
233
Calculate the highest common factor of 1214353028 and 7.
7
Calculate the highest common divisor of 1215 and 3135105.
405
Calculate the highest common factor of 370581893 and 671.
671
Calculate the highest common divisor of 278432 and 4620.
308
Calculate the greatest common divisor of 4422 and 1702604.
134
Calculate the highest common divisor of 38320 and 48880.
80
What is the greatest common factor of 143655 and 338550?
915
Calculate the greatest common factor of 41002 and 4482166.
2158
What is the highest common factor of 13851 and 73521?
27
Calculate the greatest common divisor of 466550 and 178493.
301
What is the highest common factor of 18178347 and 33?
33
Calculate the greatest common factor of 9235515 and 352185.
795
What is the greatest common factor of 1912292 and 47557?
2503
What is the greatest common divisor of 4703571 and 699?
699
Calculate the highest common divisor of 682 and 30417014.
62
Calculate the highest common divisor of 3791286 and 387360.
4842
Calculate the highest common divisor of 187683 and 4774347.
2571
Calculate the highest common divisor of 144 and 36288531.
9
What is the greatest common divisor of 30007936 and 5136?
1712
What is the highest common divisor of 19479 and 35931054?
453
Calculate the greatest common divisor of 4944643 and 407.
407
What is the highest common factor of 1329 and 37337369?
443
Calculate the highest common divisor of 20790 and 19231905.
1155
Calculate the greatest common divisor of 21 and 6533362.
1
What is the highest common divisor of 15400 and 51561400?
2200
What is the highest common divisor of 649 and 23854821?
59
Calculate the greatest common factor of 21 and 4066923.
21
Calculate the greatest common divisor of 112594496 and 14.
14
What is the greatest common divisor of 218149410 and 48?
6
What is the highest common factor of 444011188 and 2388?
796
What is the greatest common divisor of 5592846 and 56?
14
Calculate the greatest common divisor of 1001672 and 4712.
248
Calculate the highest common divisor of 37630 and 363580.
530
Calculate the highest common factor of 3152 and 5382288.
16
What is the highest common factor of 627 and 572679?
57
Calculate the highest common factor of 1843 and 26675.
97
What is the greatest common factor of 344448 and 39790?
46
What is the highest common factor of 331400 and 21800?
200
Calculate the highest common factor of 9371299 and 294.
49
What is the greatest common factor of 190 and 212274770?
10
What is the highest common divisor of 78744048 and 1856?
464
What is the greatest common factor of 526 and 13054?
2
Calculate the highest common factor of 28388590 and 930.
10
What is the highest common divisor of 1827507 and 308?
11
Calculate the greatest common factor of 480899736 and 16.
8
Calculate the greatest common divisor of 2194332 and 43077.
519
What is the highest common factor of 1634 and 32149982?
86
Calculate the greatest common factor of 521697 and 27.
3
What is the greatest common divisor of 4600491 and 357?
21
Calculate the greatest common divisor of 478 and 341951401.
239
What is the highest common divisor of 505625 and 10852735?
4045
What is the greatest common factor of 54 and 590481?
9
What is the highest common factor of 12518 and 8243672?
1138
What is the highest common divisor of 175997332 and 37436?
5348
What is the highest common divisor of 363787320 and 120?
120
What is the highest common divisor of 124 and 1324161869?
31
What is the greatest common factor of 9848023 and 2051?
293
Calculate the greatest common factor of 57153900 and 57.
57
Calculate the highest common divisor of 784 and 245022960.
112
Calculate the highest common divisor of 1332341 and 13423.
433
Calculate the highest common factor of 304 and 69210616.
152
Calculate the highest common divisor of 1129 and 185574859.
1129
Calculate the highest common divisor of 674860 and 1580.
20
What is the highest common divisor of 1283541 and 84?
21
Calculate the highest common divisor of 10727541 and 66.
33
What is the highest common factor of 10 and 797732?
2
Calculate the greatest common divisor of 90 and 2708490.
30
Calculate the greatest common factor of 3128 and 924698.
34
Calculate the highest common divisor of 2471761 and 2491.
53
What is the greatest common factor of 1654 and 144872206?
1654
What is the greatest common factor of 290512 and 73700?
268
Calculate the greatest common divisor of 75082 and 9114.
434
Calculate the greatest common factor of 8555260 and 212.
212
What is the greatest common divisor of 2854410 and 6756?
3378
Calculate the highest common divisor of 194 and 5237321.
97
What is the highest common factor of 314352 and 475128?
72
What is the highest common divisor of 4663922 and 538?
538
What is the highest common divisor of 3700732 and 20?
4
What is the greatest common factor of 22 and 76806862?
22
Calculate the greatest common factor of 122112 and 363156.
636
Calculate the greatest common factor of 7072 and 1330420.
884
What is the greatest common divisor of 1446 and 29167989?
723
What is the highest common factor of 11689120 and 10?
10
What is the highest common divisor of 322728 and 5?
1
Calculate the highest common divisor of 162203145 and 975.
195
What is the highest common factor of 60461648 and 48412?
988
Calculate the greatest common factor of 63622394 and 18.
2
Calculate the greatest common divisor of 1 and 5425993.
1
What is the greatest common factor of 48501 and 133335?
9
What is the greatest common divisor of 108259920 and 144?
144
Calculate the highest common divisor of 1383515 and 3185.
245
Calculate the greatest common divisor of 816 and 1712104.
136
Calculate the greatest common divisor of 98 and 115612021.
49
What is the greatest common factor of 75754364 and 368?
92
Calculate the greatest common factor of 1702042 and 1802.
106
What is the greatest common divisor of 1617 and 79004464?
539
Calculate the highest common factor of 1288 and 1289449.
161
What is the greatest common factor of 318269375 and 8125?
625
What is the highest common divisor of 657 and 54763578?
657
Calculate the greatest common divisor of 705 and 61425.
15
Calculate the greatest common divisor of 789162736 and 40240.
8048
What is the greatest common divisor of 1937 and 9410542?
149
Calculate the greatest common factor of 46037020 and 748.
68
What is the greatest common factor of 8180123 and 3052?
763
Calculate the highest common factor of 6915123 and 27.
9
What is the highest common factor of 1705 and 7398305?
155
Calculate the greatest common factor of 30674 and 30062711.
2191
Calculate the greatest common factor of 8603754 and 264.
6
Calculate the greatest common divisor of 50 and 1149010.
10
Calculate the highest common factor of 225544 and 8644999.
2563
What is the highest common divisor of 1085 and 767593015?
1085
What is the greatest common divisor of 756553761 and 171?
171
Calculate the highest common factor of 126 and 10556616.
42
Calculate the greatest common divisor of 230 and 18108314.
46
Calculate the highest common factor of 234 and 7891974.
18
Calculate the greatest common divisor of 40 and 6375368.
8
Calculate the highest common factor of 4405377 and 591.
3
Calculate the greatest common factor of 154609 and 361887.
1699
What is the greatest common divisor of 82500 and 190300?
1100
What is the highest common factor of 16 and 276881?
1
Calculate the greatest common divisor of 1686 and 369168.
6
What is the highest common divisor of 42167544 and 72?
24
Calculate the greatest common factor of 732261